t 2020012100 (base 3) to base 11.
2aa75
-16076 (base 8) to base 3
-100220210
What is -101001011111 (base 2) in base 16?
-a5f
What is 2232312 (base 4) in base 9?
16313
-a05 (base 15) to base 16
-8cf
What is 3157 (base 8) in base 14?
859
What is 11111001110 (base 2) in base 12?
11a6
-2dfe (base 16) to base 7
-46220
Convert 2097 (base 15) to base 2.
1101011101100
Convert 10000011100 (base 2) to base 13.
62c
Convert -1aa (base 11) to base 6.
-1041
-214 (base 9) to base 8
-257
Convert -31258 (base 9) to base 14.
-7735
What is 67135 (base 8) in base 13?
cb24
Convert -15102 (base 7) to base 14.
-1739
What is -474e (base 16) in base 8?
-43516
Convert 4e6 (base 16) to base 2.
10011100110
1817 (base 10) to base 13
a9a
166b (base 14) to base 16
faf
-1532 (base 10) to base 6
-11032
10101101 (base 2) to base 8
255
-272 (base 12) to base 8
-566
Convert a685 (base 11) to base 6.
145225
What is -14122 (base 10) in base 15?
-42b7
What is -990c (base 16) in base 6?
-501220
1a7 (base 11) to base 12
17a
24a5 (base 15) to base 14
2bb7
-5560 (base 11) to base 8
-16236
What is -30013 (base 4) in base 13?
-478
What is 35631 (base 7) in base 15?
2b09
Convert -2723 (base 8) to base 10.
-1491
-2341 (base 5) to base 11
-295
Convert 122112212 (base 3) to base 10.
12794
Convert -1120 (base 5) to base 12.
-114
What is 1379 (base 14) in base 11?
2647
Convert 7419 (base 10) to base 7.
30426
-50827 (base 9) to base 12
-1745a
Convert 110121 (base 4) to base 7.
3543
Convert c0 (base 14) to base 4.
2220
What is -78a8 (base 14) in base 5?
-1132144
1000010001 (base 2) to base 10
529
Convert -211 (base 7) to base 12.
-8a
72 (base 12) to base 7
152
What is -11744 (base 9) in base 6?
-100321
What is -196 (base 15) in base 10?
-366
1011012 (base 3) to base 10
842
-96a (base 13) to base 7
-4456
208d (base 14) to base 8
12755
Convert 146407 (base 8) to base 2.
1100110100000111
What is 1776 (base 8) in base 10?
1022
-204202 (base 5) to base 7
-25555
Convert 3128 (base 10) to base 16.
c38
10645 (base 7) to base 9
3661
23240 (base 6) to base 2
110100001000
-45 (base 9) to base 5
-131
What is 145325 (base 6) in base 8?
33525
d08 (base 14) to base 7
10311
111110100 (base 2) to base 14
27a
Convert 14344 (base 5) to base 4.
103020
Convert 52449 (base 11) to base 12.
38270
Convert -23940 (base 10) to base 4.
-11312010
What is -1110011010000 (base 2) in base 4?
-1303100
What is 29470 (base 10) in base 7?
151630
-100011111111110 (base 2) to base 4
-10133332
What is 33 (base 13) in base 11?
39
What is -6755 (base 8) in base 16?
-ded
Convert -9c19 (base 14) to base 9.
-41118
Convert 50056 (base 7) to base 6.
131434
Convert 32052 (base 6) to base 10.
4352
What is -7a75 (base 13) in base 9?
-25482
-239 (base 12) to base 13
-1c8
What is 1da1 (base 16) in base 12?
4481
What is -7612 (base 8) in base 11?
-2a97
Convert 222110110 (base 3) to base 12.
b1b6
What is -8969 (base 10) in base 12?
-5235
-1000101101 (base 2) to base 9
-678
16932 (base 10) to base 4
10020210
What is 38b9 (base 14) in base 5?
304323
What is -1779 (base 10) in base 2?
-11011110011
What is -20290 (base 10) in base 6?
-233534
What is 388 (base 15) in base 9?
1082
Convert 86 (base 10) to base 15.
5b
What is 6177 (base 8) in base 3?
11101111
-1ed (base 15) to base 9
-547
What is -1395 (base 10) in base 13?
-834
What is 110020 (base 3) in base 2?
101001010
What is 3268 (base 14) in base 7?
34261
Convert 60120 (base 7) to base 12.
8459
What is 1301 (base 14) in base 6?
23233
-10001012 (base 3) to base 8
-4253
Convert 23c3 (base 13) to base 4.
1033010
1001012020 (base 3) to base 5
1124203
What is -3001 (base 6) in base 15?
-2d4
What is -1fb (base 16) in base 8?
-773
1171 (base 11) to base 8
2772
What is -17847 (base 12) in base 11?
-23635
What is 11101101111 (base 2) in base 7?
5356
What is -958 (base 15) in base 11?
-1647
Convert -133366 (base 8) to base 9.
-71222
-302311 (base 4) to base 14
-1285
-202203 (base 5) to base 12
-3961
What is -22200 (base 3) in base 5?
-1414
Convert 1269 (base 12) to base 5.
31342
Convert -8147 (base 12) to base 10.
-14023
Convert -3240 (base 5) to base 6.
-2021
Convert -5052 (base 7) to base 3.
-2101220
What is 1662 (base 8) in base 14?
4b8
What is -340103 (base 5) in base 15?
-37d8
What is 1469 (base 14) in base 11?
27a2
-447 (base 12) to base 16
-277
What is -101100011 (base 2) in base 13?
-214
What is 1ca (base 13) in base 16?
14f
-9a0 (base 15) to base 7
-6225
What is -21130 (base 5) in base 4?
-112013
3124 (base 8) to base 13
978
20651 (base 10) to base 6
235335
What is -120 (base 11) in base 8?
-217
What is -945 (base 12) in base 7?
-3635
-100101000011010 (base 2) to base 6
-223454
What is -709 (base 13) in base 4?
-102220
Convert 214 (base 16) to base 5.
4112
-130100 (base 8) to base 3
-2021220010
What is -121 (base 13) in base 10?
-196
Convert -598 (base 14) to base 11.
-923
What is 825 (base 12) in base 4?
102131
-1110123 (base 4) to base 11
-4072
Convert 1011100000011101 (base 2) to base 12.
23339
What is 27c8 (base 13) in base 15?
1a7b
What is -1000100000001001 (base 2) in base 10?
-34825
What is -303112 (base 4) in base 16?
-cd6
What is -ec8 (base 16) in base 7?
-14014
Convert 466 (base 11) to base 2.
1000101100
What is 3a330 (base 11) in base 16?
e11d
Convert 10212323 (base 4) to base 8.
44673
Convert -2641 (base 7) to base 14.
-521
-1621 (base 8) to base 10
-913
Convert 262 (base 8) to base 10.
178
What is -58 (base 14) in base 7?
-141
-5c1 (base 16) to base 14
-773
1051 (base 13) to base 12
1387
Convert -2010 (base 4) to base 12.
-b0
-360 (base 7) to base 4
-2331
-24307 (base 8) to base 10
-10439
1000100000 (base 2) to base 14
2ac
-27266 (base 10) to base 4
-12222002
Convert -ab (base 13) to base 11.
-119
Convert 3c61 (base 14) to base 12.
6211
What is -7375 (base 13) in base 16?
-3e6e
Convert -5b4 (base 15) to base 2.
-10100001110
Convert 3122313 (base 4) to base 11.
a584
What is -920 (base 10) in base 3?
-1021002
Convert 1021012002 (base 3) to base 16.
615b
What is -3232213 (base 4) in base 3?
-202221121
-3fa (base 16) to base 2
-1111111010
-5d2c (base 14) to base 11
-11286
19c0 (base 15) to base 13
2703
What is -98 (base 14) in base 2?
-10000110
What is 6800 (base 12) in base 14?
42ac
What is -18563 (base 10) in base 14?
-6a9d
-354 (base 8) to base 10
-236
-56b (base 15) to base 14
-638
What is -101110011 (base 2) in base 5?
-2441
Convert 1a2a (base 13) to base 16.
f53
What is -3131 (base 5) in base 7?
-1133
What is 21411 (base 8) in base 2?
10001100001001
What is -3010313 (base 4) in base 7?
-51506
What is -1001021 (base 3) in base 2?
-1011111011
Convert 21024 (base 7) to base 11.
3974
Convert 55122 (base 6) to base 14.
2ab8
-5450 (base 6) to base 11
-a40
What is 2196 (base 10) in base 14?
b2c
Convert 342 (base 9) to base 7.
551
Convert 166 (base 15) to base 2.
101000001
Convert -1140 (base 7) to base 10.
-420
706 (base 9) to base 6
2353
What is 1315a (base 12) in base 9?
38757
252 (base 12) to base 14
1b0
Convert -53 (base 6) to base 15.
-23
What is 1332132 (base 6) in base 12?
37048
What is 13000 (base 5) in base 2?
1111101000
1011110000 (base 2) to base 11
624
Convert -184 (base 12) to base 2.
-11110100
5936 (base 13) to base 11
9480
What is -4022 (base 5) in base 8?
-1000
What is -358 (base 9) in base 11?
-24a
What is -1a77 (base 14) in base 5?
-123214
Convert 1102102 (base 3) to base 14.
541
-efb (base 16) to base 9
-5231
What is -24106 (base 8) in base 16?
-2846
What is 120202 (base 4) in base 9?
2134
What is -e588 (base 16) in base 9?
-88538
-2424 (base 6) to base 13
-367
143120 (base 8) to base 13
1a153
2425 (base 9) to base 4
130031
What is 1102330 (base 5) in base 9?
28161
What is -4da (base 14) in base 12?
-694
Convert 43302 (base 6) to base 9.
8132
What is -1022101 (base 3) in base 4?
-32323
What is 36067 (base 8) in base 12?
8b07
What is -1002000 (base 3) in base 4?
-30033
What is 11e9 (base 16) in base 8?
10751
Convert -717 (base 13) to base 5.
-14303
What is -231223 (base 4) in base 14?
-10cb
-46 (base 10) to base 2
-101110
Convert -95 (base 11) to base 14.
-76
16ec (base 16) to base 6
43100
Convert -65e5 (base 16) to base 6.
-320433
Convert -38371 (base 12) to base 15.
-17a34
Convert 14516 (base 7) to base 4.
332333
What is 21203330 (base 4) in base 16?
98fc
What is -12